{"id":27,"date":"2021-02-03T21:54:00","date_gmt":"2021-02-03T20:54:00","guid":{"rendered":"http:\/\/bawdim.pl\/?page_id=27"},"modified":"2021-10-30T15:13:20","modified_gmt":"2021-10-30T13:13:20","slug":"kontak","status":"publish","type":"page","link":"https:\/\/bawdim.pl\/?page_id=27","title":{"rendered":"Oferta"},"content":{"rendered":"\n<p><strong>Agencja Turystyczno-Us\u0142ugowa &#8222;BAWDIM&#8221; wsp\u00f3\u0142pracuje  z wieloma o\u015brodkami w rejonie Bieszczad i Beskidu Niskiego, w kt\u00f3rych organizuje r\u00f3\u017cnego typu imprezy, m. in.:<\/strong><\/p>\n\n\n\n<h2 class=\"wp-block-heading\"><strong>Kolonie i obozy<\/strong> <\/h2>\n\n\n\n<p><strong>Aktywny wypoczynek w otoczeniu przyrody to g\u0142\u00f3wny cel naszych kolonii i oboz\u00f3w. W\u0119dr\u00f3wki bieszczadzkimi szlakami, bliski kontakt z natur\u0105, urokliwe zak\u0105tki, niepowtarzalne miejsca oraz przygotowane przez nas nietypowe atrakcje zostan\u0105 w pami\u0119ci na d\u0142ugie lata.<\/strong><\/p>\n\n\n\n<h2 class=\"wp-block-heading\"><strong>Zielone szko\u0142y i wycieczki<\/strong><\/h2>\n\n\n\n<p><strong>Od lat \u0142\u0105czymy aktywno\u015b\u0107 na \u015bwie\u017cym powietrzu ze zdobywaniem wiedzy, co zdecydowanie uatrakcyjnia typow\u0105 form\u0119 nauki. Oferujemy program dostosowany dla szk\u00f3\u0142 podstawowych, gimnazjum i licealist\u00f3w. Zapewniamy ciekawe zaj\u0119cia i \u015bwietn\u0105 zabaw\u0119 oraz profesjonaln\u0105, do\u015bwiadczon\u0105 kadr\u0119.<\/strong><\/p>\n\n\n\n<h2 class=\"wp-block-heading\"><strong>Imprezy okoliczno\u015bciowe<\/strong><\/h2>\n\n\n\n<p><strong>Szukasz miejsca, w kt\u00f3rym b\u0119dziesz m\u00f3g\u0142 zorganizowa\u0107 niezapomniane przyj\u0119cie weselne, komunijne, urodzinowe lub chrzciny? A mo\u017ce chcesz zorganizowa\u0107 konferencj\u0119, piknik klasowy, czy przyj\u0119cie integracyjne? Zapraszamy do nas! Na pewno si\u0119 nie zawiedziesz!<\/strong><\/p>\n\n\n\n<p>Do ka\u017cdego klienta podchodzimy indywidualnie i wychodzimy <strong>naprzeciw jego wymaganiom. Przygotowane przez nas imprezy b\u0119d\u0105 niezapomnianym prze\u017cyciem i zostan\u0105 na zawsze w Twojej pami\u0119ci<\/strong><\/p>\n\n\n\n<h2 class=\"wp-block-heading\"><strong>Imprezy integracyjne<\/strong><\/h2>\n\n\n\n<p><strong>Je\u015bli tobie i twoim wsp\u00f3\u0142pracownikom znudzi\u0142y si\u0119 ju\u017c zwyk\u0142e wyjazdy szkoleniowe z pracy, masz ochot\u0119 na zmian\u0119 i odrzucenie codziennej rutyny, to nasze imprezy integracyjne w na pewno przypadn\u0105 Ci do gustu. Tutaj ka\u017cdy znajdzie co\u015b dla siebie, a grupa wspaniale si\u0119 razem pobawi.<\/strong><\/p>\n\n\n\n<h2 class=\"wp-block-heading\"><strong>Wypoczynek indywidualny<\/strong><\/h2>\n\n\n\n<p><strong>Je\u015bli nie masz pomys\u0142u na wyjazd na urlop lub wypad na weekend\u2013 zadzwo\u0144 do nas. Z naszej szerokiej oferty mo\u017cesz wybra\u0107 co\u015b ciekawego dla siebie i swoich bliskich. Mamy propozycj\u0119 zar\u00f3wno dla os\u00f3b lubi\u0105cych spok\u00f3j, cisz\u0119 i kontakt z natur\u0105, jak i dla tych, kt\u00f3rzy lubi\u0105 aktywnie sp\u0119dza\u0107 czas.<\/strong><\/p>\n\n\n\n<p><strong>W przypadku, gdy nie b\u0119dziesz m\u00f3g\u0142 si\u0119 zdecydowa\u0107, mo\u017cesz liczy\u0107 na nasz\u0105 podpowied\u017a!<\/strong><\/p>\n\n\n\n<p><\/p>\n\n\n\n<p><\/p>\n","protected":false},"excerpt":{"rendered":"<p>Agencja Turystyczno-Us\u0142ugowa &#8222;BAWDIM&#8221; wsp\u00f3\u0142pracuje z wieloma o\u015brodkami w rejonie Bieszczad i Beskidu Niskiego, w kt\u00f3rych organizuje r\u00f3\u017cnego typu imprezy, m. in.: Kolonie i obozy Aktywny wypoczynek w otoczeniu przyrody to g\u0142\u00f3wny cel naszych kolonii i oboz\u00f3w. W\u0119dr\u00f3wki bieszczadzkimi szlakami, bliski kontakt z natur\u0105, urokliwe zak\u0105tki, niepowtarzalne miejsca oraz przygotowane przez nas nietypowe atrakcje zostan\u0105 w&hellip; <a class=\"more-link\" href=\"https:\/\/bawdim.pl\/?page_id=27\">Czytaj dalej <span class=\"screen-reader-text\">Oferta<\/span><\/a><\/p>\n","protected":false},"author":1,"featured_media":0,"parent":0,"menu_order":0,"comment_status":"closed","ping_status":"closed","template":"","meta":{"footnotes":""},"class_list":["post-27","page","type-page","status-publish","hentry","entry"],"_links":{"self":[{"href":"https:\/\/bawdim.pl\/index.php?rest_route=\/wp\/v2\/pages\/27","targetHints":{"allow":["GET"]}}],"collection":[{"href":"https:\/\/bawdim.pl\/index.php?rest_route=\/wp\/v2\/pages"}],"about":[{"href":"https:\/\/bawdim.pl\/index.php?rest_route=\/wp\/v2\/types\/page"}],"author":[{"embeddable":true,"href":"https:\/\/bawdim.pl\/index.php?rest_route=\/wp\/v2\/users\/1"}],"replies":[{"embeddable":true,"href":"https:\/\/bawdim.pl\/index.php?rest_route=%2Fwp%2Fv2%2Fcomments&post=27"}],"version-history":[{"count":7,"href":"https:\/\/bawdim.pl\/index.php?rest_route=\/wp\/v2\/pages\/27\/revisions"}],"predecessor-version":[{"id":127,"href":"https:\/\/bawdim.pl\/index.php?rest_route=\/wp\/v2\/pages\/27\/revisions\/127"}],"wp:attachment":[{"href":"https:\/\/bawdim.pl\/index.php?rest_route=%2Fwp%2Fv2%2Fmedia&parent=27"}],"curies":[{"name":"wp","href":"https:\/\/api.w.org\/{rel}","templated":true}]}}